alculate 4 - (3 + -5 + 3).
3
0 + (-2 - (-4 + -1)) - 6
-3
What is the value of -1 - (2 + -5 + 5 + -7)?
4
Calculate 20 + -10 + -12 + -2.
-4
2 - (-5 + 7 - -4)
-4
What is the value of -5 + 5 + 0 + -5?
-5
What is the value of (4 - (9 - -3)) + 5?
-3
Evaluate -2 - (-4 - (8 + -12)).
-2
Evaluate -1 + 3 + (-230 - -219).
-9
(-1 - 3) + (6 - 3) + -4
-5
8 + -8 + -2 + 2 + -5
-5
What is -202 + 204 + (0 - -6) + 1?
9
What is the value of 4 - (-4 - (-4 - (7 - 6)))?
3
What is the value of 0 - (-8 + 12) - 5?
-9
-6 - (4 + -5) - -4
-1
Calculate -1 - ((-17 - -9) + 4 + 1).
2
What is the value of -8 + -2 + (7 - 3) + 2?
-4
Calculate 0 + -3 + 8 + -9.
-4
What is the value of 19 - 16 - (2 - 4)?
5
What is the value of -1 - 5 - (0 + -1 + -2)?
-3
What is (1 - 4) + (-5 - -3)?
-5
What is -3 + 0 + -44 + 43?
-4
Evaluate -3 + 0 + 10 + (-1 - 3).
3
-4 + 6 + (3 - 2) - -1
4
Evaluate (0 - 0) + 6 + -4.
2
What is -11 + 9 + (-2 - 0)?
-4
What is the value of 4 + (0 - 3) - -5 - 3?
3
-4 + 13 + (-4 - (-3 + 3))
5
Calculate 5 + -5 - (2 - (14 - 10)).
2
What is 3 - (7 - 3) - 3?
-4
What is 4 - (3 + -7 + 0 + 12)?
-4
What is 2 + -17 + -19 + 29?
-5
Evaluate 10 + -19 + (5 - 1) - -9.
4
What is (8 + 5 + -6 - 4) + -7?
-4
-5 - (-5 + 5) - -10
5
What is the value of -4 + 0 + 2 + (4 - 7)?
-5
What is 0 - (-1 + (0 - -5))?
-4
What is 3 + (2 - -2) - 2?
5
What is the value of -10 + 1 + 18 + -17?
-8
Evaluate (-2 - (5 + -7 + 4)) + 1.
-3
What is the value of -141 + 135 + 12 + 0?
6
What is the value of -4 - (-3 - (-4 - 2))?
-7
What is 11 + -12 + (0 - 1)?
-2
4 - (13 - 0) - -12
3
(-5 + -3 - -2) + (-28 - -30)
-4
What is the value of (2 - ((3 - 0) + -6)) + -3?
2
6 + -1 + -6 + -6
-7
Evaluate 3 - (-3 + 6) - (2 + 4).
-6
What is the value of -5 - 0 - -3 - 1?
-3
What is the value of 4 - (-1 + 10 - (4 + 0))?
-1
Calculate 16 + (3 + 1 - 13).
7
What is the value of -9 - (5 - (8 + 1))?
-5
2 + (1 - (-5 + 6))
2
0 + 6 + -3 - 1
2
What is the value of -1 + 8 + -1 + -68 + 67?
5
What is the value of -3 - (-3 + -7) - (0 - -9)?
-2
What is (4 - 15 - -2) + 9?
0
What is -11 + 5 + (4 - 4)?
-6
What is 6 + -9 + -3 + 2 + -2?
-6
What is 4 + -3 + (-3 - -12)?
10
4 + (8 - 3 - 4)
5
Evaluate 3 - -1 - (-1 + -2 - -10).
-3
What is the value of 4 - -4 - (6 - 2)?
4
Calculate -2 + -1 + -1 - (4 + -11).
3
Evaluate -6 + (-5 + (2 - -2) - 4).
-11
2 - (-1 - 0 - (-9 + 2))
-4
8 + (21 - 11) + -11
7
What is 1 - 1 - (-3 - (-7 + 2))?
-2
Evaluate (4 + -5 - -6) + -2 + -6.
-3
What is 0 - 1 - (1 - -2 - 7)?
3
5 - (4 + -4 - -3)
2
Calculate 10 - -2 - (40 + -29).
1
What is 1 + (9 - 1 - (-21 - -26))?
4
Calculate 2 + (-2 - -5) - 9.
-4
-1 - (8 + (-7 + 3 - 0))
-5
0 + -2 - (-3 - 3)
4
What is the value of 3 + 3 + 2 + -7 - -7?
8
Calculate 9 + 4 + (1 - 7).
7
What is (1 - -1) + -18 + 21?
5
8 + (-27 - -10) + 3
-6
Calculate 1 + (-3 - 2 - (-1 + -5)).
2
Evaluate -2 - 0 - (-26 - -31).
-7
Evaluate (-7 - 8) + 4 + 5.
-6
(-5 - -4) + 6 + (2 - 12)
-5
What is the value of 0 - 12 - (-93 + 86)?
-5
Evaluate 0 + -7 + -4 + 6 + 2.
-3
What is the value of 0 + 0 - (-23 + 24) - -2?
1
What is 1 + (3 - (4 + -6 + -1))?
7
7 + -9 + (0 - 1) + 6
3
Evaluate 2 + 4 + 2 + -3.
5
Calculate -3 + (8 - 8) + 0.
-3
What is the value of (9 - (1 - 5)) + (-9 - -3)?
7
0 - (3 + -1 - 4 - 4)
6
Evaluate (8 - (-2 + 6 + -2)) + -2.
4
What is the value of (6 - (-2 - 0)) + -3?
5
What is the value of 1 - (14 + -8 - -1)?
-6
Evaluate (-1 - 1 - -8) + (1 - 7).
0
Evaluate -9 + 6 - -10 - 3.
4
Calculate (1 - 0) + 3 + (0 - -1).
5
What is the value of -3 + (-1 - -1) + 7?
4
Calculate -11 - (3 - (-5 + 10)).
-9
5 + (0 - -2) + -12 + 8
3
8 + (2 - 4) + 5 + -4
7
What is -6 + (1 - -3 - 4)?
-6
What is 2 + (-3 - 3) + -3 - -2?
-5
2 - (3 - 2) - 7
-6
7 + (0 - 2) + (16 - 28)
-7
What is -11 - (2 + -8 + 0)?
-5
Evaluate 6 + -6 + -5 + 9.
4
What is the value of (-21 - -24) + -1 + -2?
0
Evaluate -6 - (5 - 9) - -3.
1
Calculate (-10 - -1) + 12 + 6.
9
Evaluate 16 + -12 + -2 + 1.
3
What is the value of -6 + 1 + (-8 - -10)?
-3
What is the value of 0 + (-2 - 0) + (16 - 8)?
6
Calculate (-1 - 2) + (-11 - -6).
-8
Calculate 13 + -15 + -3 - -13.
8
What is -5 + 2 + (-10 - (-10 - -3))?
-6
Calculate 0 - ((3 - 3) + -5 - 0).
5
Evaluate (-3 - -5) + -2 + 4 + -1.
3
What is 1 - (-2 + 6) - (-75 - -76)?
-4
Evaluate -15 - (-1 - 6) - -4.
-4
Evaluate (0 - 6) + (-1 + 3 - 1).
-5
Calculate (0 + -1 + -1 - 2) + 7.
3
Calculate (-7 - -19) + (1 - 13).
0
Calculate 8 + -19 + 13 + -5.
-3
Calculate -3 + 9 - 2 - 4.
0
Evaluate 6 + -1 + -3 + (1 - 1).
2
Evaluate 8 - (6 + -9 + 6).
5
15 + -5 + 0 + -7
3
-2 - (-1 + 0) - (0 - 0)
-1
What is the value of -3 - (-1 + 2 - 4)?
0
What is the value of 9 - 0 - (-9 + 17)?
1
What is -4 - 1 - (3 + -6 + -3)?
1
What is the value of -6 + 5 + (7 + -6 - 6)?
-6
-1 + -8 + 4 + 14
9
Evaluate (-3 - 4) + (-2 - -4 - -1).
-4
-7 + 9 + -10 + 7
-1
What is (1 - (-5 - (-7 - -1))) + 4?
4
Calculate 3 + (-5 + 0 - (-9 - -7)).
0
Evaluate -5 + 11 + (-1 - -1).
6
What is -5 - (-2 + 0 - (5 + -7))?
-5
(-37 - -38) + 5 + -1
5
Calculate -3 + (6 - 5) - -1.
-1
Calculate 0 - (-6 + 2 + 2 + -1).
3
Evaluate 4 - ((-6 - -2) + 4) - -1.
5
What is the value of (3 - -6 - 4) + 1 - 2?
4
(4 + -5 - -6) + -9
-4
5 - 1 - (5 - (-1 - -6))
4
Evaluate (-1 + 4 - 1 - 0) + -2.
0
Evaluate -7 + 12 + (6 - 5) + -15.
-9
What is 11 + -13 + -2 + -4?
-8
What is the value of 10 + -4 + 5 - 7?
4
What is the value of (40 + -47 - (1 + 0)) + 5?
-3
Evaluate 1 + -5 - (9 - (8 - 2)).
-7
What is -3 - (-8 - ((-5 - -3) + 2))?
5
Evaluate -1 + -1 + 1 - (4 + -1).
-4
What is (0 - -3 - -1) + -1?
3
Evaluate 1 + 0 + 10 - (-240 + 246).
5
Calculate (36 - 19) + 2 + -12.
7
What is 5 - ((0 - 5) + 5 + 9)?
-4
Calculate -7 + 7 + (-4 - -2).
-2
What is the value of -5 + 0 + 1 - -10 - 13?
-7
What is the value of (-4 - -6) + -11 + 2 + 15?
8
Evaluate (1 - 7) + (-1 - (-6 - -4)).
-5
Evaluate -4 + (-2 - -11) + -5.
0
What is the value of 2 + 3 + -2 + -4 + -3?
-4
Evaluate (-7 - -7) + (0 - -1) + -1.
0
Evaluate 0 + 4 + -8 + 6.
2
Evaluate 0 - 2 - (-7 - -1).
4
Calculate (-8 - -4) + (-11 - -18).
3
Evaluate -5 + (1 + -2 - -5) + 3.
2
Evaluate -5 - (-5 - (1 - 3)) - 0.
-2
What is (-2 - -1) + (-3 - -1) + -1?
-4
What is (2 - -1) + -2 - (-11 - -14)?
-2
Calculate -24 + 26 + (0 - 0 - -1).
3
What is -1 + 4 - -3 - (0 - -2)?
4
Evaluate -4 + 4 + 4 - (6 + 1).
-3
Calculate 1 + (1 - -4) - (-46 + 49).
3
1 + -3 - ((-2 - -2) + 1)
-3
What is 28 + -20 + -4 + 1 - 1?
4
Calculate (7 - -1) + -3 + 6 + -8.
3
-6 - 1 - (-23 - -22)
-6
Calculate 0 + -8 + 2 + (9 - 3).
0
Calculate -1 - (1 - (3 + 0)) - 0.
1
What is the value of 8 + (-1 - -6 - (-8 - -19))?
2
Evaluate 0 + -2 + (-8 - (9 - 14)).
-5
Evaluate (1 - (-2 + 2)) + -4.
-3
Evaluate 2 - (-40 + 36 + 0 + 0).
6
Calculate 5 - (-3 - (-3 - 3)).
2
0 + -4 + -7 - (-2 - 5)
-4
What is (-4 - (-9 + 4)) + 1?
2
Evaluate 4 - 1 - (18 + -15).
0
What is 0 + 1 - (3 - 1 - 3)?
2
Evaluate -1 + (-9 - -6) + 1.
-3
Calculate 11 - (-12 - (-8 - 6)).
9
-13 + 13 + -16 + 24
8
What is the value of -3 + -2 + (-4 - -4)?
-5
Calculate -1 - ((-1 - 5) + 10).
-5
6 - (2 - -8 - 7)
3
What is 0 - (-5 - -1) - 6?
-2
Calculate -3 + (-2 - -9 - (-1 - 0)).
5
What is 5 - (15 + -6 - 12)?
8
What is the value of -2 - -1 - (2 - 0) - -6?
3
5 - 0 - (10 - 3)
-2
What is the value of 1 - (2 - 3) - (-5 + 11)?
-4
What is the value of 6 - (-3 + 7 - -10)?
-8
(-1 - 10) + (32 - 18)
3
Calculate -3 + (6 - 0) + (-2 - -1).
2
What is (-4 + -1 - -7) + -2 + 2?
2
-4 - (-13 - -6 - -3)
0
What is the value of 14 + -3 - ((-9 - -4) + 10)?
6
(4 - 1) + (-1 - 8) + 11
5
What is the value of (11 + -6 - 3) + -1 + 3?
4
Calculate -5 - ((-16 - -13) + 4).
-6
What is 2 - (1 + 0 + (-23 - -25))?
-1
What is (10 - 24) + 23 + (-1 - 1)?
7
(14 - 8 - -2) + -3
5
Evaluate 6 - (3 + 6) - 1.
-4
What is 2 + -4 - -5 - (-17 + 18)?
2
Evaluate -1 - (7 + -8) - (1 + 1).
-2
0 - (-2 - (-1 + 0))
1
-3 + -1 - 2 - (-2 + -1)
-3
0 - -7 - (10 + -3)
0
Evaluate 7 + (-3 - (2 - 2)) - 1.
3
Calculate 13 + -9 + -3 + 1 + -2.
0
What is the value of 9 + (-5 - 0) - 8?
-4
6 + -4 + (6 - 3) - 4
1
What is the value of 3 - 6 - (-17 + 9)?
5
What is -1 - (6 - 4) - 1 - 0?
-4
Calculate 15 + -1 - (71 - 62).
5
What is 6 - (6 + 1) - -5?
4
What is the value of 5 + 1 + -36 + 27?
-3
What is 0 - (-4 - 1) - (-6 - -4)?
7
5 - (25 + -22 + (1 - -9))
-8
What is the value of 8 + -10 + (7 - 11)?
-6
Evaluate 11 + 1 + 5 + -26.
-9
What is -61 + 80 + (-8 - 2)?
9
Calculate 0 + -1 + -2 + 1 + 3.
1
Calculate -11 -